x**2 - 4*x - 6. Let c(d) = -3*m(d) - 15*y(d). Let z be c(3). What is the highest common divisor of 60 and z?
12
Suppose 0 = -2*i + 8, 2*k - 38 = -4*i + 5*i. Let q be ((-77)/k + 3)*57/(-2). Let v be (-1 + 2 - -75)*1. Calculate the greatest common divisor of v and q.
19
Let g(n) = -n**3 - 2*n**2 - 7*n + 54. Let i be g(0). Calculate the greatest common factor of i and 36.
18
Let w be 1 + (-2)/((-2)/99). Let r(j) = -9*j - 4. Let k be r(-4). Suppose -t - 4*u = -u - k, 5*u = 2*t - 20. What is the greatest common factor of t and w?
20
Let x(l) = l + 15. Let q be x(-11). Suppose -10*n = -q*n - 24. Calculate the greatest common divisor of n and 1.
1
Suppose -q + 6*q = -4*b + 80, -8 = 2*q. Suppose -5*l = -15 - b. Calculate the greatest common divisor of 8 and l.
8
Let j be (-46)/(-12) - 12/(-72). Let y be (1 + -5)*j/(-8). Let p be 13*y/((-4)/(-4)). What is the highest common factor of 65 and p?
13
Suppose -3*c = -s - 23, -3*s - 67 = 2*s + c. Let m be (4 + s/(-4))*8/5. What is the greatest common factor of m and 96?
12
Suppose -30 = 37*v - 47*v. Calculate the greatest common factor of 29 and v.
1
Suppose -7*g = -11*g + 20. Let n be (-3)/(-6)*6 + -3. Suppose -u - u + 65 = -3*o, 4*o - 20 = n. What is the highest common factor of u and g?
5
Suppose -18 = 6*r - 162. Calculate the highest common divisor of r and 192.
24
Let m(k) = 2*k + 14. Let s = 2 + 1. Suppose -14 = s*r - 5*r. Let z be m(r). Calculate the greatest common divisor of z and 7.
7
Suppose 0*l = 3*l + 48. Let i be l/(-4)*(-23)/(-2). Let s = i + -31. Calculate the greatest common factor of s and 10.
5
Let t be 14/28 - ((-2)/4 - 1). Suppose -1 = t*x - 29. What is the greatest common factor of x and 14?
14
Suppose 5*r - 1 = 2*w - 15, w - 7 = -3*r. Let n be (-4)/(-12) - (-668)/12. What is the greatest common factor of n and w?
7
Let w be ((-31)/(-7) + -2)*287. What is the highest common factor of 17 and w?
17
Let z(i) = 737*i - 149. Let k be z(2). Calculate the highest common factor of k and 50.
25
Suppose -3*x - t = -1626 - 1008, 0 = 5*x - 3*t - 4390. Suppose -9*n + 409 = -x. What is the highest common factor of n and 13?
13
Suppose 259 + 491 = 5*u. Let n(a) = 2*a**2 + 8*a - 6. Let r be n(-5). Suppose -r = -q + 11. Calculate the highest common factor of q and u.
15
Let i(u) = 2*u**2 + 2*u + 3. Suppose 0 = -8*h + 4*h + 12. Let b be i(h). What is the highest common divisor of b and 216?
27
Suppose 2*s - 10 = -2*h, -4*s + 20 = -h + 3*h. Let x(i) = i**2 - i - 4. Let q be x(s). Let k = 332 - 324. What is the highest common factor of q and k?
8
Let f(c) = 5*c**2 - 3*c - 5. Suppose 4*x + 10 = -10. Let p be f(x). Calculate the greatest common factor of p and 27.
27
Suppose 3*d = -0*d + 45. Let l be ((-9)/12)/(d/(-100)). What is the highest common divisor of l and 10?
5
Let s(a) = -a - 4. Let n be s(-5). Let o be -3 + 1 - n*4. Let v be o*1*(-16)/12. Calculate the highest common factor of 40 and v.
8
Let u be 2/(-3) - (-276)/9. Let p be (-4)/26 - 280/(-130). Let l be (-144)/8*(-5)/p. What is the greatest common factor of l and u?
15
Suppose 198 = 10*l - 4*l. Suppose -118 = -5*r - l. Let h be 51 + -1 - (-2 + 1). What is the highest common divisor of h and r?
17
Let w = -482 + 515. What is the greatest common divisor of w and 165?
33
Let h(u) = u**2 + 5*u + 4. Let b be h(-4). Let y be b/((-1 + -2)/(-3)). Suppose y*n - 20 = -4*n. What is the highest common factor of 10 and n?
5
Let j(q) = -4*q**3 + 32*q**2 + 2*q - 2. Let n be j(8). Calculate the highest common factor of 112 and n.
14
Suppose 2*n - 5*s - 79 = 0, -10*n + 2*s - 146 = -14*n. Suppose -3*k = 2*y - 2 - 4, 0 = -5*y - 2*k + n. What is the highest common factor of y and 3?
3
Let w = -1276 - -1288. What is the greatest common divisor of w and 192?
12
Let z(h) = -h**3 + 14*h**2 + 22*h + 7. Let k be z(15). What is the greatest common divisor of k and 64?
16
Let v(h) = -1. Let a(d) = -4*d**2 + 9*d - 11. Let r(m) = -a(m) + 3*v(m). Let b be r(-7). Let y = -14 + b. Calculate the highest common factor of 23 and y.
23
Suppose -3*u + 22 = -23. Suppose -u + 35 = 2*x. What is the highest common factor of 130 and x?
10
Let b be (2/(-6))/(2/(-66)). Suppose 101*u - 1870 = 67*u. Calculate the greatest common divisor of b and u.
11
Suppose -2*s + q + 126 = 7, -3*s + 3*q + 183 = 0. Suppose 5*p - 11 = 5*h + 129, -3*h = -2*p + s. What is the greatest common factor of 39 and p?
13
Let b(d) = -d**3 + 18*d**2 - 30*d + 17. Let g be b(16). What is the greatest common factor of g and 161?
7
Let t(m) = m. Let u be t(6). Let h = 381 + -376. Suppose h*b = u*b - 3. Calculate the greatest common factor of 6 and b.
3
Let l be 5/(45/6)*108. Let b be 16 + 2 - (1 + 1). Suppose -5*h + b = 4*g, -2*g - h - h = -10. What is the highest common factor of l and g?
9
Let r be (-63)/(-4) - (12/16 - 0). What is the greatest common factor of r and 25?
5
Let i(g) be the second derivative of 49*g**5/20 + g**4/12 - g**2/2 - 6*g. Let q be i(1). Let l = q + -21. Calculate the highest common factor of l and 4.
4
Suppose 5*g - 538 = -5*a + 547, 883 = 4*g - a. What is the greatest common factor of g and 88?
44
Suppose 3*v = -3*v + 3264. Suppose 0 = -12*b + 16*b - v. What is the greatest common divisor of b and 17?
17
Let w be (2 + -5 - -4)*-11. Let l be 1*(3 + -4)*w. Suppose 0*g + 220 = 5*g. What is the highest common factor of g and l?
11
Let h(m) = -m**3 - 9*m**2 - 2*m - 11. Let v be h(-9). Suppose 0 = 23*j + 479 - 1928. Calculate the highest common divisor of v and j.
7
Let y(k) = k**2 + k + 1. Let q be y(-2). Suppose 2*t = -4*n + 12, q = t - 1. Let m be 2/(((-20)/(-8))/5). Calculate the highest common divisor of m and n.
1
Suppose -59*y = -60*y + 59. What is the greatest common divisor of y and 1003?
59
Suppose 3*q + 2*s = 7*s + 32, 4*q = -4*s + 32. Let i(o) = -o**2 - 9*o + 6. Let k = 19 + -28. Let d be i(k). What is the greatest common factor of q and d?
3
Suppose -5*p + 73 = 508. Let j = p - -125. Calculate the greatest common divisor of 95 and j.
19
Let n = -23 + 21. Let p(i) = -8*i**3 + i**2 - i - 5. Let g be p(n). Let y(o) = o**3 + 26. Let x be y(0). Calculate the greatest common divisor of x and g.
13
Suppose -4*v - t = -144, 5*t + 24 = 4. Suppose 3*f = -r + 556, -f + 2*r - 74 + 257 = 0. Calculate the highest common divisor of f and v.
37
Suppose 4*m - 12 = 4. Suppose -5*w + 1441 = -m*b, -b = -4*w - 23 + 1178. Let t = 436 - w. Calculate the greatest common factor of t and 21.
21
Let a(q) be the second derivative of q**5/20 + 5*q**4/12 + q**3/3 + 6*q**2 - 5*q. Let o be a(-5). What is the greatest common divisor of 14 and o?
2
Suppose -6*f = -f - 120. Suppose -3*y - p + 47 = -f, -y = 2*p - 22. What is the highest common divisor of y and 16?
8
Let t = 4717 - 1972. Calculate the highest common divisor of t and 61.
61
Let o(v) = 17*v - 71. Let z be o(7). What is the highest common factor of z and 72?
24
Let f = -216 - -496. What is the highest common divisor of f and 160?
40
Suppose 6*z = 9*z - 447. Suppose -5*s + z = -316. Suppose j - s = 67. What is the greatest common factor of j and 16?
16
Let t = 540 + -382. Calculate the highest common factor of 2 and t.
2
Let o(b) be the first derivative of -b**4/4 + b**3/3 + 95*b + 12. Let h be o(0). Calculate the highest common divisor of h and 38.
19
Suppose 2*r = -f - 0 + 3, 4*r = -5*f - 9. Suppose r*d = 3*d + 5. Calculate the greatest common factor of d and 5.
5
Suppose 3*x + 700 = 5*n, 0 = 4*n - 2*x + 7*x - 597. Let y(v) = 108*v + 661. Let i be y(-6). Calculate the highest common divisor of i and n.
13
Let a(h) = 8*h**2 - h + 1. Let v be a(2). Let q = 136 - v. Suppose 5*l + 35 = q. What is the highest common divisor of 154 and l?
14
Suppose 5*j + 8*j - 338 = 0. What is the greatest common divisor of j and 39?
13
Let p = 37 - 24. Let u = p + -1. What is the highest common factor of u and 24?
12
Suppose 6 = -3*m - 3*r, 3*m = m + 3*r + 6. Suppose -2*v = -4*n - 24, 10 = -m*n - 5*n. What is the highest common divisor of v and 4?
4
Let z be 3 - (-3 - (-8)/2). Suppose -2*b - 3*q + 3 = 0, -z*q - 3 + 1 = 0. Let y = 10 - b. What is the greatest common divisor of y and 35?
7
Let r = -5 - -5. Suppose -3*x + r*t + 69 = -3*t, -2*x - 2*t + 50 = 0. What is the highest common divisor of 8 and x?
8
Suppose 5*a = 0, n - 72 = 2*a + a. What is the greatest common factor o